mainder when 11 is divided by f?
1
Let n = -10 - -18. Suppose -n*x - 77 = 3. What is the remainder when 19 is divided by (6/5)/((-6)/x)?
1
Let f = 181 - 153. What is the remainder when 4335 is divided by f?
23
Let z(c) = 18*c - 75. Let l be z(5). Suppose -l*w - 23 = -308. Calculate the remainder when 146 is divided by w.
13
Let k = 48 + 4. Let i(p) = -1891*p - 26215. Calculate the remainder when i(-14) is divided by k.
51
Let p(f) = -5*f**2 + 122*f - 31. What is the remainder when 849 is divided by p(24)?
16
Suppose -4*a = 3*c - 54, -a + 271 = 2*c + 235. Calculate the remainder when c is divided by 4.
2
Suppose -4*y - 136 = -6*y. Let f = -163945 - -164208. Calculate the remainder when f is divided by y.
59
Suppose 25*f + 4*f - 13440 = -6*f. What is the remainder when f is divided by 146?
92
Let f(v) be the second derivative of -v**3/6 + 19*v**2 - 10*v. Let x be f(16). Let r = x - 11. Calculate the remainder when 64 is divided by r.
9
Suppose 2*j + 167 = 3*h, 0 = -2*h - 3*h - j + 274. Suppose -27373*u - 57 = -27376*u. What is the remainder when h is divided by u?
17
Let g(l) = l**3 + 7*l**2 - 30*l - 29. What is the remainder when g(-8) is divided by 1/3 + (220/(-3))/(-5)?
12
Suppose 4*y + 5*g - 103 = 254, 0 = -5*y - 5*g + 450. What is the remainder when y is divided by 20?
13
Let i be 5/10*3*2. Suppose -i*y - y = 2*w - 164, 2*w = -3*y + 125. Calculate the remainder when 124 is divided by y.
7
Let c(d) = 10*d**2 + 66*d + 375. What is the remainder when c(-6) is divided by 135?
69
Let x = -2825 + 2902. Calculate the remainder when 514 is divided by x.
52
Suppose -4*b + 3429 = -n - 3881, 5*n = 2*b - 3682. What is the remainder when b is divided by 46?
32
Let v(m) = -2*m**2 - 5*m + 6. Let n be v(-9). Let w = n - -325. Let b = 385 - 342. Calculate the remainder when w is divided by b.
42
Let u = -25908 + 27861. Calculate the remainder when u is divided by 85.
83
Suppose -8*f - 282*f + 27260 = 0. What is the remainder when f is divided by 7?
3
Let t(r) = -r**3 + 71*r**2 + 25*r - 1623. What is the remainder when 1062 is divided by t(71)?
150
Suppose -10*n + 26650 = 19820. Calculate the remainder when n is divided by 30.
23
Let d = 32703 + -32626. Let o(a) = 11*a**3 - 2. Let f be o(2). Suppose -4*b + 22 = -f. What is the remainder when d is divided by b?
23
Let u(i) = -85*i - 19. Let d be (-14)/21*4*12/16. Calculate the remainder when u(d) is divided by 52.
47
Suppose -5*o + 1038 = 4*s, -4*s = o - 6*o + 1022. Calculate the remainder when (-298)/(-1341) - o/(-36)*26 is divided by 8.
5
Let c(d) be the second derivative of 5*d**3/3 - 135*d**2/2 + 2*d + 30. What is the remainder when 403 is divided by c(15)?
13
Suppose 0 = -z + 3*j + 18 + 13, 159 = 3*z + 2*j. Calculate the remainder when 635 is divided by z.
47
Let m = -20993 + 21171. Calculate the remainder when 22603 is divided by m.
175
Suppose 0 = -9*v + 30 - 12. Suppose 0 = v*w - 89 - 73. Calculate the remainder when w is divided by (7 + -1)*(-28)/(-6).
25
Suppose -89 = -6*s + 259. What is the remainder when 115 is divided by s?
57
Let r = 15967 - 15801. What is the remainder when r is divided by 13?
10
Let i be 8/(-36) + 92/9. Suppose 11*j - 9 = i*j. Let v = 190 + -187. What is the remainder when j is divided by v?
0
Let p(l) = 3*l**2 + 5*l - 58. Let r be ((-56)/40 + 1)/(4/(-50)). What is the remainder when 166 is divided by p(r)?
40
Let k(b) = -3*b + 47. Let z(h) = -5*h + 108. Calculate the remainder when z(5) is divided by k(0).
36
Let d = 11811 + -10017. Calculate the remainder when d is divided by 62.
58
Suppose -2*z = -4*y - 86, -4*z - 3*y = -5*z + 45. Let x = -28 + -280. Let s = -294 - x. Calculate the remainder when z is divided by s.
11
Calculate the remainder when 56/2688*32 - (-1)/((-6)/(-2500)*2) is divided by 1/(-3) - 350/(-6).
35
Let f = -124 + 128. Suppose -56 = -f*v - 4*y, -5*v + 50 = -2*y + 3*y. Let r(j) = 16*j**2 + 1. What is the remainder when r(-1) is divided by v?
8
Let o(i) = -2*i - 6. Let n be o(-7). Suppose -4*b + 64 = -n. Let q = 170839 + -170804. What is the remainder when q is divided by b?
17
Let r(u) = -5*u + 83. Calculate the remainder when 3199 is divided by r(10).
31
Let g = -53 + 98. Calculate the remainder when g is divided by 18354/912 + 1/(-8).
5
Suppose -4*n = -204*a + 209*a - 516, 3*n - 5*a = 352. Calculate the remainder when n is divided by 68.
56
Suppose 0*c - 2*c + 5*w = -63, 166 = 5*c - 4*w. Let v be 1 - (3 + -1 + -3). Calculate the remainder when c is divided by 1*v + 25/5.
6
Let d be (-1)/((2/8)/((-135)/20)). Suppose 0*w + d = -4*w - j, -4*w - 5*j - 39 = 0. What is the remainder when 58 is divided by 3/((-9)/w) - -8?
8
Let c(d) = -29*d + 3813. What is the remainder when c(120) is divided by 331?
2
Let g(n) = 22*n + 971. What is the remainder when 114 is divided by g(-44)?
0
Let j = -34 - -39. Suppose -4*l = -j*p + 55, 3*l + 10 = p + 2*l. Calculate the remainder when 118 is divided by p.
13
Suppose -20*w = -19*w + 4. Let h be 3 - (-2 + w + 175). Let t = -96 - h. Calculate the remainder when t is divided by 24.
22
Suppose 20*o = 22*o - 194. Let z be 18*10/(-20)*(-1)/(-1). Calculate the remainder when (z + 8)*o/(-1) is divided by 33.
31
What is the remainder when (-13)/((-3042)/108) + (-257212)/(-13) is divided by 68?
66
Suppose p - 3*i - 15 = 0, -p - 7718 = -5*i - 7735. Let b = -45 - -27. Let m = 4 - b. Calculate the remainder when m is divided by p.
10
Let m = 6355 - 6298. Calculate the remainder when 87 is divided by m.
30
Let w(y) = -2*y**3 + 46*y**2 - 177*y + 59. Calculate the remainder when 206 is divided by w(18).
93
Suppose 0 = 8*g - 33 - 615. Suppose -109 + g = -7*z. What is the remainder when 17 is divided by z?
1
Suppose 302*j - 8950 = -3212. Calculate the remainder when 908 is divided by j.
15
Let w(b) = -b**2 - 21*b + 129. Let v be w(-26). What is the remainder when 406 is divided by ((-61)/(-122))/(v/136*-2)?
32
Let b = 4131 + -2422. What is the remainder when b is divided by 348?
317
Suppose -3*y - 3*f = -f - 9, -4*y + 12 = 4*f. Let o be (-1)/(-3 + 1 + y). What is the remainder when 37 is divided by 22 + ((-5)/o - 4)?
14
Suppose -98*g + 14529 = -8677 - 8546. Calculate the remainder when g is divided by 161.
2
Let k(a) = a**2 - a - 1. Suppose 4*z - 14 = -3*j - 97, -j + 3*z = 6. Calculate the remainder when (-4)/(-14) - (183/j + 1) is divided by k(-2).
3
Let r = 1533 - 1024. Let n = 606 - r. Calculate the remainder when n is divided by 51.
46
Suppose -39*a - 2070 = 1011. Suppose -5*x + 3*r = 265, -4*x - 3*r = -2*r + 229. Let j = x - a. What is the remainder when j is divided by 9?
5
Suppose 5*m = -h + 2530, -118*m + 115*m = -5*h + 12510. Calculate the remainder when h is divided by 8.
1
Suppose -533 = -16*r + 267. Suppose 5*x - 4 = 4*o - o, -2 = 2*x - 3*o. Suppose -x*t = t - 51. What is the remainder when r is divided by t?
16
What is the remainder when 542 is divided by -40*(-1)/(-14)*7*-9?
2
Let j = 147 + -139. Suppose -j*k - 1832 = -1992. Calculate the remainder when k is divided by 9 + 2 + 0 + 0.
9
Let v = -4048 - -6219. Calculate the remainder when v is divided by 12.
11
Let g(s) = -3*s - 1. Let q be g(8). Let n = 57 - 13. Calculate the remainder when n is divided by -10*(-5)/(q/(-4)).
4
What is the remainder when 1462 is divided by (228/(-8))/(267/(-178))?
18
Let x = 5649 + -5585. What is the remainder when x is divided by 47?
17
Suppose -10*n + 31*n + 798 = 42*n. Calculate the remainder when 1812 is divided by n.
26
Suppose 17 - 58 = u. Let c = -68 - u. Let x = c + 42. What is the remainder when 59 is divided by x?
14
Suppose -61*u + 2328 = -55*u. Suppose 5*h - h = 3*i + 469, 3*h + 5*i = u. Let c = h + -115. Calculate the remainder when 29 is divided by c.
5
Suppose 0 = -3*m - 2*v + 371, 23*v - 8 = 27*v. Let w = 84 + -21. What is the remainder when m is divided by w?
62
Suppose -4*s = -s - 33*s + 210. What is the remainder when 129 is divided by s?
3
Suppose -7*v - 7*v + 434 = 0. Suppose 36*z = v*z + 195. What is the remainder when 194 is divided by z?
38
Calculate the remainder when (1 - 0 - 2)/((-62)/285014) is divided by 10.
7
Let j = -31 + 82. Suppose -4*a = 20, -7*m - 2*a - 14 = -9*m. Calculate the remainder when j is divided by (-1 - (46 - m))*(-2)/5.
15
Suppose 3*l - 11 = 2*q - 0*q, 0 = 4*l + q - 22. Suppose -c + l = 4*c. What is